digit of n?
7
Let l(g) = -1 - g**3 - 2*g**2 + 9*g - 4*g - g. Let k be l(-3). Let u = k + 10. What is the units digit of u?
6
What is the units digit of 2024/48 - 2/12?
2
Let k = 154 + -95. What is the tens digit of k?
5
Let t(m) = -m**2 - 4*m - 2. Let l be t(-4). Let x be 26/l + (2 - 1). Let f = x + 21. What is the units digit of f?
9
What is the tens digit of 5*(2 + 1)/((-4)/(-24))?
9
Let s be (9/(-5))/((-6)/20). What is the units digit of (4/s)/((-2)/(-51))?
7
Suppose -2*z - 4*i + 17 = 5, 0 = -5*i + 5. Let f = 4 - 5. What is the units digit of (z/(-4))/(f/4)?
4
Let l be 6/(-5)*(-20)/8. Suppose -p + 3 = -l. What is the units digit of p?
6
Suppose -435 = -5*t + 215. What is the hundreds digit of t?
1
Suppose -3 = -3*c + 15. Suppose 2*x - c = 3*y - x, -5*y - 5*x + 30 = 0. What is the units digit of y?
2
What is the units digit of (-245 - -1)/2*57/(-38)?
3
Let w(x) = -2*x**2 - 5*x - 11. Let a(b) = -b**2 - 3*b - 5. Let c(n) = 9*a(n) - 4*w(n). Let y be c(-6). Let g(o) = o**2 - o - 7. What is the units digit of g(y)?
3
Suppose 35 = 12*k - 241. What is the tens digit of k?
2
Suppose -9 = q - 4*q. Suppose q*k - s = -0*k - 9, -3*s + 9 = -3*k. Let i(n) = n**3 + 2*n**2 - 2*n + 4. What is the units digit of i(k)?
1
Suppose -42 + 4 = -4*g + 2*f, g + f = 2. What is the units digit of g?
7
Let x(u) = 12*u + 0 + 0 + 6*u**2 - 4*u**2. What is the units digit of x(-7)?
4
Let k = -27 - -18. Let x(f) = -f**2 + 1. Let a(m) = -5*m**2 - 8*m + 17. Let q(n) = a(n) - 4*x(n). What is the units digit of q(k)?
4
Suppose -5*v = -5*r - 140, r + r + 86 = 3*v. What is the tens digit of v?
3
Let a(d) = 3*d**2 - 6*d + 2. Let h be a(4). Let b = h + -16. Let v = b - 7. What is the units digit of v?
3
Let w be 36/2 - (3 + -3). Suppose 5*i + w = -2*z - 15, -i = -4*z + 11. Let h = -3 - i. What is the units digit of h?
4
Suppose 4*a - 2 = -2*k + k, k = 2*a + 32. What is the tens digit of k?
2
Suppose 5*s - r - 13 = 27, 0 = 3*s + 3*r - 42. Let o = s + -6. Suppose -o*x - x = -4*f + 8, 3*f = -3*x + 12. What is the units digit of x?
1
Suppose i + 40 = d + 3*i, -d + 4*i + 64 = 0. What is the units digit of d?
8
Suppose 3*c - 4 = a + 4*c, 3*a - 23 = 4*c. Let t = 5 + a. Let b(j) = j - 2. What is the units digit of b(t)?
4
Let u(v) be the third derivative of -v**5/60 + 5*v**4/24 - v**3/3 - v**2. Let c = -30 - -32. What is the units digit of u(c)?
4
Let v = -3 + 6. Suppose 1 = -v*g - 2. Let x = g - -3. What is the units digit of x?
2
Suppose -5*k + 36 - 1 = 0. What is the units digit of k?
7
Let g = -29 + 69. Let c = -14 + g. What is the tens digit of c?
2
Let p(n) = n**3 + 10*n**2 - 4*n - 17. What is the tens digit of p(-10)?
2
Let q be (-2)/4 - 915/(-10). Suppose -2*z + 52 = 2*h + 2*h, 5*h = 4*z + q. What is the units digit of h?
5
Suppose v - 5*v = 8. Let o be 6/15 + (-515)/(-25). What is the units digit of (-3 - v)/((-3)/o)?
7
Let w(t) = 2*t**2 - t - 2. Let u be w(2). What is the units digit of (-15)/(-1)*u/6?
0
Let j = -3 - -5. Suppose j = 4*r - 3*r. What is the units digit of (-1)/2 - (-15)/r?
7
Let j(u) = 6*u**2 - 2. Let v be j(-2). Let s = v - 15. What is the units digit of s?
7
Suppose -2*j + 4 + 0 = 0. Let x be (-2)/(-4 - -2) + 1. Suppose j*m = m - x*n + 7, n = 3*m. What is the units digit of m?
1
Suppose 1 = 3*u - 11. Suppose -f + 95 = u*o - 4*f, -3*o + 2*f + 72 = 0. What is the units digit of o?
6
Let o = 115 - 167. Let b = o + 97. What is the tens digit of b?
4
Let d(i) = i**3 - i**2 - 2*i + 23. Let o be d(0). Suppose -3*g + 4 = -f + o, -4*g - 108 = -4*f. What is the tens digit of f?
3
Let h = 24 + -15. Let v be 6/21 - (-60)/(-14). Let w = h + v. What is the units digit of w?
5
Let p(y) be the second derivative of y**5/20 - 5*y**4/12 + y**3/3 - 7*y**2/2 - 5*y. Let d be (10/(-3))/((-4)/6). What is the units digit of p(d)?
3
Let q be -1*1/(1/(-2)). Suppose 5*t = -2*a + 5, q*t - 3*t - 16 = -3*a. What is the units digit of a?
5
Let n(h) = h**2 + 66. What is the units digit of n(0)?
6
Let j = -48 - -85. What is the units digit of j?
7
Let j = 24 - 12. Suppose 4*g = -2*z + j, -z + 8 = 4*g - 0*z. What is the units digit of g?
1
What is the tens digit of -1*(18*-4 + 1)?
7
Let u(v) = 2*v**2 + 10*v + 5. Let y be u(-10). Suppose 0 = 2*j - 13 - y. Suppose 2*c - 17 = 5*s, 5*c + 5*s - j = s. What is the tens digit of c?
1
Let k(b) = b**3 - 11*b**2 - 10*b - 17. Let n = -10 - -22. What is the units digit of k(n)?
7
Suppose 231 + 289 = 5*j. Let t = j + -60. What is the tens digit of t?
4
Let i(n) = -n**2 - 4*n - 2. Let r be i(-2). Let z(l) = l**2 - l. Let b be z(0). Suppose r*t - 5*t + 9 = b. What is the units digit of t?
3
Suppose 119 = a + 88. What is the tens digit of a?
3
Suppose -24 = 2*r - 5*r + 3*w, -2*r + 20 = -3*w. Suppose -r*s + 15 = -s. Suppose 3 + 2 = s*l. What is the units digit of l?
1
Let m(y) = -2*y**3 - 7*y**2 + 4*y + 3. What is the units digit of m(-6)?
9
Suppose -s - 2*d = -34 - 69, 5*d - 20 = 0. What is the units digit of s?
5
Let l = -81 + 117. Suppose 5*q - l = q. What is the units digit of q?
9
Suppose -4*y + 84 = -68. Let v = y - 53. What is the units digit of (21/15)/((-3)/v)?
7
Suppose -2*v = -1 - 11. Suppose -4*f + 4*k = -12, -2*k - 2 = 3*f - v. What is the units digit of f?
2
Suppose 5 = 3*n - 40. What is the units digit of n?
5
Let y(o) = -o**3 - 13*o**2 + 6. Let d be y(-13). Suppose -5*k = d*b - b - 80, -3*b - 4*k + 43 = 0. What is the tens digit of b?
2
Suppose j + 0*j + 4*h = -9, -4 = 2*j + h. What is the units digit of 2/(((-3)/27)/j)?
8
Let f be (-2 - -4) + 62/1. Suppose 5*c - 11 = f. What is the units digit of c?
5
Let t be 2*6*3/6. Suppose g - t*g = -15. Suppose 1 = -3*r - 4*n, -2 + 0 = -5*r - g*n. What is the units digit of r?
1
Suppose 3*i - 12 = 3*v, 5*i = v - 0 + 12. Suppose i*p - 3*p + 3*t = -19, -5*p + 3*t + 71 = 0. What is the units digit of p?
3
Let c(f) = 3*f**2 - 9. Let t(l) = 5*l**2 + l - 17. Let a(j) = 7*c(j) - 4*t(j). What is the units digit of a(5)?
0
Let a(t) = -3*t - 6. Let h be a(-6). What is the tens digit of (-16)/6*(-45)/h?
1
Suppose 0 = -3*p - 3*y + 3, 0*p - p - 11 = -3*y. Let a be 1 - 1/2*2. Let x = a - p. What is the units digit of x?
2
Let s = 57 - 17. What is the units digit of s?
0
What is the tens digit of ((-1626)/(-8) - -1) + 1/(-4)?
0
Let o(n) = 3*n + 4. Let d(l) = 9*l + 11. Let m(v) = -46*v - 56. Let b(h) = 11*d(h) + 2*m(h). Let z(x) = -2*b(x) + 5*o(x). What is the units digit of z(0)?
2
Suppose -7 - 2 = x. What is the units digit of x/(-2)*28/21?
6
What is the units digit of (16 - 12)/(1/24)?
6
Suppose -4*s + 0*b - 2*b + 190 = 0, b = -s + 50. What is the tens digit of s?
4
Suppose -2*j + 28 = -6*j. What is the units digit of (-348)/(-42) - (-2)/j?
8
Let m(d) = d**3 - 8*d**2 + 7*d - 4. Let r be m(7). What is the units digit of (-1 + 2)/1 - r?
5
What is the tens digit of 2 - -62 - (-2)/(-2)?
6
Let w = -10 + 9. Let n(q) = -24*q**3 + 2*q**2 + 2*q + 1. What is the tens digit of n(w)?
2
Suppose d + 2 - 5 = 0. Suppose 3*b + 5 = -h, 4*h + 0*b = d*b + 40. What is the units digit of h?
7
Suppose 2*o = 4*h - 5*h + 9, 5*o - 4*h - 29 = 0. Suppose 0 + 10 = o*k. Suppose 4*x + 17 = -3*u - 0*u, 0 = -k*x - 10. What is the units digit of u?
1
Let p = 2 - 8. What is the tens digit of (2/p)/((-5)/210)?
1
Let x be (2/3)/(4/216). Suppose -4*j + 2*n + 45 = -27, -x = -2*j - 2*n. Suppose b - j = -2*b. What is the units digit of b?
6
What is the tens digit of 2*22*(5 - 39/12)?
7
Let i = -16 - -37. What is the tens digit of i?
2
What is the units digit of (88/(-6))/(((-20)/450)/1)?
0
What is the tens digit of 2 - (879/6)/((-1)/2)?
9
Let x(z) = -z**2 - 9*z + 4. Let b be x(-9). Suppose -15 = u - 4*u, 2*u - 22 = -b*t. Suppose t*v - 4 = -v. What is the units digit of v?
1
Suppose 0 = -4*k + 5*f + 39, -4*k = -3*k - 4*f + 4. Let z = -6 + k. Suppose 5*y = -4*t + 1 + z, y + 4*t = -1. What is the units digit of y?
3
Let x = 6 + -4. Suppose 0 = -x*i + 6*i - 36. Let w = -3 + i. What is the units digit of w?
6
Let s be 2 + 1 + -4 - 0. Let n be -4*(-1 + s/(-2)). What is the tens digit of (n/(-4))/((-1)/20)?
1
Let x(y) be the second derivative of 3/2*y**3 + 1/2*y**4 + 0 - 1/20*y**5 - 9/2*y**2 + 4*y. What is the units digit of x(7)?
5
Let b(d) = -d**2 - 7*d - 4. Let u be b(-6). Let x(i) = -10*i - i**2 - 8 + 2*i**u + 14*i. What is the units digit of x(-7)?
3
Let k(j) 